t u(x) = 13*x**2 + 67*x + 1353. What is the thousands digit of u(-45)?
4
Suppose 0 = -5*t - 5*x - 135, t - 5*x = -4*t - 165. Let d be ((-6)/(-4))/(t/(-40)). Suppose d*n - 38 = n - 5*w, -190 = -5*n + 2*w. What is the tens digit of n?
3
Suppose c + 44 = -i + 186, 2*c - i = 269. Suppose c*p = 125*p + 9960. What is the tens digit of p?
3
Suppose 0 = -15*r - 3*r + 54. Suppose h - 4*s - 340 = 0, 0*s = r*s. What is the tens digit of h?
4
Suppose -i + g - 3 = -7, -4*g - 14 = -3*i. Suppose 10 - 11 = f, -i*z + 2365 = -5*f. What is the tens digit of z?
8
Suppose -d = -4*c - 14340, -31*c = -4*d - 34*c + 57417. What is the ten thousands digit of d?
1
Let k(y) = 10 - 20*y**3 + 2*y**2 + 0*y**2 + 3*y + 19*y**3 - y**2. Let m be k(-4). Suppose -2*x - m = -5*x. What is the tens digit of x?
2
Suppose -7*g - 16*g = -92. Suppose 208 = 2*f + g*i - 152, -4*f + 655 = -5*i. What is the tens digit of f?
7
Suppose -4*u = 4*d + 2012, -4*d + 2*d + 3*u - 991 = 0. Let w = -163 - d. What is the hundreds digit of w?
3
Suppose -2*f + 21*f + 15*f - 812770 = 0. What is the units digit of f?
5
Suppose -8*n = -2*n + 18. Let z be -3*(-1 + n - -3). Suppose z*l - 82 = 77. What is the units digit of l?
3
Let b(q) = -7*q + 92. What is the tens digit of b(-44)?
0
Let u = 30765 - 13852. What is the units digit of u?
3
Suppose -11*k - 11*k = 10*k - 129088. What is the units digit of k?
4
Let i(v) = v**3 + 86 + 0*v - 4*v + 448 - 2*v**2. Let n be i(0). Suppose -9*d + n = -7*d. What is the units digit of d?
7
Suppose 0 = 4*r + 16 + 32. Let h(n) = n**2 + 11*n - 8. Let o be h(r). Suppose 236 = o*x - 132. What is the units digit of x?
2
Let i(q) be the second derivative of 0 + 3*q**4 - 9/2*q**2 + 1/3*q**3 - 5*q. What is the hundreds digit of i(2)?
1
Suppose 51*z - 255183 - 4968 = 0. Suppose 11*m - 2390 = z. What is the tens digit of m?
8
Suppose -4*c - 2*t = -3680, 1080*c - 1075*c - 4604 = -3*t. What is the tens digit of c?
1
Let i be -1 - (-4)/4*129. What is the units digit of (i - 2/1) + 4?
0
Let q be 68/12 + -2*4/12. Suppose 5*x = -d + 3*x + 115, -257 = -2*d + q*x. What is the units digit of d?
1
Suppose 10*y = 8*y + 18. Suppose -y*c + 270 = -3*c. What is the tens digit of c?
4
Let q = 1691 - 2488. Let z = -768 - q. What is the tens digit of z?
2
Let w be 8686/16 - (-4)/32. Suppose -3*s - 156 = -w. Let b = s + -44. What is the tens digit of b?
8
Suppose 136*s = 283569 + 641231. What is the hundreds digit of s?
8
Let t(c) = c**3 - 2*c**2 + 4*c + 11. Let x be (9 + -7)/(2/5). Let o be t(x). What is the tens digit of o/10 + 8*(-2)/(-40)?
1
Suppose 0 = -3*a + 5*k + 27, 0*a + a + 11 = -5*k. What is the units digit of (1845/(-6))/((-38)/8 + a)?
0
Let o be ((2 + 3)/(-5))/(3/(-75)). Suppose -12259 = -o*s + 12*s. What is the hundreds digit of s?
9
Suppose -w + 0*w + 3 = 0. Suppose 31 = -2*x + w. Let r = 21 + x. What is the units digit of r?
7
What is the tens digit of (-10)/4 - (-827271)/34?
2
Let c be (6/(-5))/(41/10455). Let v = c - -449. What is the units digit of v?
3
Let n(l) = -76*l + 419. What is the tens digit of n(4)?
1
Let k = -20320 - -37412. Suppose 15*r + 652 - k = 0. What is the hundreds digit of r?
0
What is the hundreds digit of (-1648130)/(-220) + (-9)/6 + 2?
4
Suppose 4*t = -4*r + 29 - 5, 6 = -r + 3*t. Let n be 0 - (0 + 5)*-1. Suppose -r*a = -6, 3*z - 2*a = n*z - 372. What is the units digit of z?
4
Suppose 0 = 4*u + q + 118, u = -26*q + 25*q - 31. Let f = u - -297. What is the hundreds digit of f?
2
Suppose -3*n - 27205 = -4*g - 79599, 2*n + g - 34955 = 0. What is the hundreds digit of n?
4
Let x = 3608 - -8021. What is the tens digit of x?
2
Let k be (5 - 2) + -2 + 3 - -4. Suppose k*h - 6 = 6*h. What is the hundreds digit of h*45 - (6 + -1)?
1
Suppose -34*y - 17907 = -141327. Suppose 5*c + 2178 = -19*f + 22*f, 5*f - y = -3*c. What is the units digit of f?
6
What is the hundreds digit of (-556)/8*(-121 + (-3)/3)?
4
Let r(u) = 1 + 6 - 4 + 2*u. Let v be r(-3). What is the units digit of (-4)/(-2 + 0) - 195/v?
7
Suppose 3*u + 32 = 4*u. Let n = u - 28. What is the hundreds digit of 995*(1 + n/(-5))?
1
Let b = 1124 + -773. What is the units digit of (78/b - 2050/(-9)) + -3?
5
Let i = -42 - -51. Let k(c) = -11*c + 1. Let u(h) = -45*h + 5. Let g(d) = i*k(d) - 2*u(d). What is the tens digit of g(-3)?
2
Let l = 10 + 0. Suppose -l*p + 1271 = -1059. What is the tens digit of p?
3
Suppose 267*h - 209*h - 992844 = 0. What is the hundreds digit of h?
1
Let h = 24644 + -9233. What is the tens digit of h?
1
Let t = 472 - 470. What is the hundreds digit of 1/t*0 + 1104/2?
5
Let c(i) = -i**3 - 54*i**2 - 95*i + 336. What is the tens digit of c(-54)?
6
Let c be (-32)/(-144) + 6314/18 + 6. Suppose 7*o - 70 - c = 0. What is the units digit of o?
1
Let s(j) = -16*j + 256. Let z be s(14). Suppose -5268 = -z*w + 28*w. What is the tens digit of w?
1
Suppose -3*u = 3*c - 8466, -8480 = -2*c - c + 4*u. What is the thousands digit of c?
2
Let j = -59745 + 124660. What is the units digit of j?
5
Suppose 278 = -11*l + 322. Suppose 5*m - 4*n = 4742 + 4544, -4*m - l*n = -7436. What is the hundreds digit of m?
8
Let u = -1252 - -10995. What is the thousands digit of u?
9
Suppose 0 = -30*y + 533553 - 75702 + 119019. What is the ten thousands digit of y?
1
Suppose 0 = t - 12 - 8. Let z be -1 - -3*t/15. What is the tens digit of z - 30/(2 + -3)?
3
Let f be (-13 + 9)*(-1)/2. Suppose -2*h - 3*h = 15, 0 = -z + 2*h - f. Let s = -1 - z. What is the units digit of s?
7
Suppose 107*b + 16*b = 1231599. What is the units digit of b?
3
Suppose 0*z + z = -6*z. Suppose -6*o = -o + 5*u - 1440, z = -5*o - 3*u + 1442. What is the hundreds digit of o?
2
Suppose 12 = 11*a - 13*a. What is the tens digit of ((-142)/16*a)/((-9)/(-72))?
2
Suppose -39 = 7*t - 10*t. Suppose 0 = -4*m - 1 + t. Suppose -5*p - 200 = -2*o, 0*o + 3*p = m*o - 291. What is the units digit of o?
5
Suppose -237*s - 1431781 = -6154006. What is the hundreds digit of s?
9
Let h(d) = 239*d - 29. Let f be h(-1). Let g = f + 957. What is the units digit of g?
9
Let m = 3355 - 6604. What is the units digit of 16/80 - m/5?
0
Let t = 341 + -336. Suppose 0*i + i - g - 809 = 0, 5 = -t*g. What is the hundreds digit of i?
8
Suppose -2*h + 5*h - 105 = 3*n, -5*n - 170 = -4*h. Let f(k) = k**3 + 31*k**2 + 23*k + 34. What is the tens digit of f(n)?
4
Let s(h) = -4759*h + 33. What is the tens digit of s(-4)?
6
Let f(c) = c**2 - 5*c + 7. Let g be f(4). Suppose -24*a = -29*a. Suppose a = -2*t + 2*d + 162 + 90, 630 = 5*t - g*d. What is the units digit of t?
6
What is the units digit of 12/156 + 27251416/377?
5
Let l(u) = 8*u**2 + 10. Suppose -3*c + 9 + 3 = 0, 5*f - c = -44. What is the units digit of l(f)?
2
Let n(p) = -123*p + 50. Let u(k) = 123*k - 49. Let j(q) = -2*n(q) - 3*u(q). What is the hundreds digit of j(-4)?
5
Suppose 4*u + 26*u - 240 = 0. What is the tens digit of 73792/44 - u/88?
7
Let t = -325 - -331. What is the tens digit of (-8 + t)/(3/(-1866))?
4
Let x(n) = -73*n**2 + 15*n - 12. Let a be x(-4). What is the tens digit of 1*5 - a/4?
1
Let o = 4718 - -8455. What is the units digit of o?
3
Suppose 0 = 2*g - 2*i - 2468, 4*g + 2*i - 5425 = -495. What is the tens digit of g?
3
Suppose -g = 5*y - 5248, -y = 26*g - 27*g + 5224. What is the units digit of g?
8
Let t(b) = 13*b**2 + 8*b - 8. Suppose 2*d - d - 4 = 0. Let s be t(d). Suppose 4*j + 4*h = 3*j + s, 2*h + 6 = 0. What is the units digit of j?
4
Suppose 2*o - 4*o = 12, -3*o = -2*c + 1186. What is the hundreds digit of c?
5
Let w(o) = 8*o**2 + 71*o - 410. What is the thousands digit of w(39)?
4
What is the units digit of 2/(3/2 - (-315028)/(-210056))?
2
Suppose 67*s - 72*s + 1665 = 0. Suppose 0 = -i - 0*i + 3*m + s, -i + m = -337. What is the units digit of i?
9
What is the ten thousands digit of (-20 - -24 - -22628*1) + -11?
2
Let h = 68 + -63. Suppose -n = -6*n + 10, 5*n + 725 = h*y. Suppose 19*b - y = 16*b. What is the units digit of b?
9
What is the thousands digit of ((-3)/(-2))/(2052789/(-48876) + 42)?
4
Let a(x) be the third derivative of x**4/4 - 2*x**3/3 + 38*x**2. Let p be a(1). What is the units digit of p/(-12) + 4/((-144)/(-2526))?
0
Let k(h) = 9*h**3 + 6*h**2 - 44*h + 75. What is the tens digit of k(13)?
9
Suppose 7*p - 1190 = -3*p. Let d(v) = 5*v**2 - 2*v + 1. Let i be d(2). Let w = p - i. What is the units d